{"id":240,"date":"2018-08-30T16:06:00","date_gmt":"2018-08-30T14:06:00","guid":{"rendered":"http:\/\/odysseeduvoyage.com\/?page_id=240"},"modified":"2025-01-31T12:15:44","modified_gmt":"2025-01-31T11:15:44","slug":"documents","status":"publish","type":"page","link":"https:\/\/odyssee-du-voyage.coop\/index.php\/documents\/","title":{"rendered":"Documents"},"content":{"rendered":"\t\t<div data-elementor-type=\"wp-post\" data-elementor-id=\"240\" class=\"elementor elementor-240\">\n\t\t\t\t\t\t<section class=\"elementor-section elementor-top-section elementor-element elementor-element-8bb4871 elementor-section-boxed elementor-section-height-default elementor-section-height-default\" data-id=\"8bb4871\" data-element_type=\"section\" data-e-type=\"section\">\n\t\t\t\t\t\t<div class=\"elementor-container elementor-column-gap-default\">\n\t\t\t\t\t<div class=\"elementor-column elementor-col-100 elementor-top-column elementor-element elementor-element-d0072c6\" data-id=\"d0072c6\" data-element_type=\"column\" data-e-type=\"column\">\n\t\t\t<div class=\"elementor-widget-wrap\">\n\t\t\t\t\t\t\t<\/div>\n\t\t<\/div>\n\t\t\t\t\t<\/div>\n\t\t<\/section>\n\t\t\t\t<section class=\"elementor-section elementor-top-section elementor-element elementor-element-79dfe65 elementor-section-boxed elementor-section-height-default elementor-section-height-default\" data-id=\"79dfe65\" data-element_type=\"section\" data-e-type=\"section\">\n\t\t\t\t\t\t<div class=\"elementor-container elementor-column-gap-default\">\n\t\t\t\t\t<div class=\"elementor-column elementor-col-100 elementor-top-column elementor-element elementor-element-e8247ca\" data-id=\"e8247ca\" data-element_type=\"column\" data-e-type=\"column\">\n\t\t\t<div class=\"elementor-widget-wrap elementor-element-populated\">\n\t\t\t\t\t\t<div class=\"elementor-element elementor-element-56b24f6 elementor-widget elementor-widget-spacer\" data-id=\"56b24f6\" data-element_type=\"widget\" data-e-type=\"widget\" data-widget_type=\"spacer.default\">\n\t\t\t\t<div class=\"elementor-widget-container\">\n\t\t\t\t\t\t\t<div class=\"elementor-spacer\">\n\t\t\t<div class=\"elementor-spacer-inner\"><\/div>\n\t\t<\/div>\n\t\t\t\t\t\t<\/div>\n\t\t\t\t<\/div>\n\t\t\t\t<div class=\"elementor-element elementor-element-fc51915 elementor-widget elementor-widget-toggle\" data-id=\"fc51915\" data-element_type=\"widget\" data-e-type=\"widget\" data-widget_type=\"toggle.default\">\n\t\t\t\t<div class=\"elementor-widget-container\">\n\t\t\t\t\t\t\t<div class=\"elementor-toggle\">\n\t\t\t\t\t\t\t<div class=\"elementor-toggle-item\">\n\t\t\t\t\t<div id=\"elementor-tab-title-2641\" class=\"elementor-tab-title\" data-tab=\"1\" role=\"button\" aria-controls=\"elementor-tab-content-2641\" aria-expanded=\"false\">\n\t\t\t\t\t\t\t\t\t\t\t\t<span class=\"elementor-toggle-icon elementor-toggle-icon-left\" aria-hidden=\"true\">\n\t\t\t\t\t\t\t\t\t\t\t\t\t\t\t<span class=\"elementor-toggle-icon-closed\"><i class=\"fas fa-caret-right\"><\/i><\/span>\n\t\t\t\t\t\t\t\t<span class=\"elementor-toggle-icon-opened\"><i class=\"elementor-toggle-icon-opened fas fa-caret-up\"><\/i><\/span>\n\t\t\t\t\t\t\t\t\t\t\t\t\t<\/span>\n\t\t\t\t\t\t\t\t\t\t\t\t<a class=\"elementor-toggle-title\" tabindex=\"0\">Evolution du Code du Tourisme - Note Directive UNAT<\/a>\n\t\t\t\t\t<\/div>\n\n\t\t\t\t\t<div id=\"elementor-tab-content-2641\" class=\"elementor-tab-content elementor-clearfix\" data-tab=\"1\" role=\"region\" aria-labelledby=\"elementor-tab-title-2641\"><p>Depuis le 1er juillet 2018, le Code du tourisme a \u00e9volu\u00e9. L\u2019ordonnance 2017-1717 du 20 d\u00e9cembre 2017, qui transpose en droit fran\u00e7ais la Directive europ\u00e9enne relative aux voyages \u00e0 forfaits et aux prestations de voyage li\u00e9es<span style=\"font-size: 14px;\">, modifie le champ d\u2019application de la loi concernant la vente de voyages et s\u00e9jours.<br \/><\/span><span style=\"font-size: 14px;\">Cette r\u00e9forme vise \u00e0 harmoniser le fonctionnement du march\u00e9 du tourisme, renforcer le niveau \u00a0de protection des voyageurs en leu<\/span><span style=\"font-size: 14px;\">r offrant des droits nouveaux, notamment par l\u2019augmentation des obligations d\u2019information fournies par les professionnels, et enfin \u00e0\u00a0<\/span><span style=\"font-size: 14px;\">mieux encadrer les r\u00e9servations en ligne.\u00a0<br \/><strong><span style=\"color: #4380ba;\"><a style=\"color: #4380ba;\" href=\"http:\/\/odysseeduvoyage.com\/wp-content\/uploads\/2018\/09\/Note-Directive-vf.pdf\" target=\"_blank\" rel=\"noopener\">&gt;&gt; T\u00e9l\u00e9charger le document<\/a><\/span><\/strong><\/span><\/p><\/div>\n\t\t\t\t<\/div>\n\t\t\t\t\t\t\t<div class=\"elementor-toggle-item\">\n\t\t\t\t\t<div id=\"elementor-tab-title-2642\" class=\"elementor-tab-title\" data-tab=\"2\" role=\"button\" aria-controls=\"elementor-tab-content-2642\" aria-expanded=\"false\">\n\t\t\t\t\t\t\t\t\t\t\t\t<span class=\"elementor-toggle-icon elementor-toggle-icon-left\" aria-hidden=\"true\">\n\t\t\t\t\t\t\t\t\t\t\t\t\t\t\t<span class=\"elementor-toggle-icon-closed\"><i class=\"fas fa-caret-right\"><\/i><\/span>\n\t\t\t\t\t\t\t\t<span class=\"elementor-toggle-icon-opened\"><i class=\"elementor-toggle-icon-opened fas fa-caret-up\"><\/i><\/span>\n\t\t\t\t\t\t\t\t\t\t\t\t\t<\/span>\n\t\t\t\t\t\t\t\t\t\t\t\t<a class=\"elementor-toggle-title\" tabindex=\"0\">Autres documents<\/a>\n\t\t\t\t\t<\/div>\n\n\t\t\t\t\t<div id=\"elementor-tab-content-2642\" class=\"elementor-tab-content elementor-clearfix\" data-tab=\"2\" role=\"region\" aria-labelledby=\"elementor-tab-title-2642\"><p>Prochainement&#8230;.<\/p><\/div>\n\t\t\t\t<\/div>\n\t\t\t\t\t\t\t\t<\/div>\n\t\t\t\t\t\t<\/div>\n\t\t\t\t<\/div>\n\t\t\t\t<div class=\"elementor-element elementor-element-65aad2c elementor-widget elementor-widget-image\" data-id=\"65aad2c\" data-element_type=\"widget\" data-e-type=\"widget\" data-widget_type=\"image.default\">\n\t\t\t\t<div class=\"elementor-widget-container\">\n\t\t\t\t\t\t\t\t\t\t\t\t\t\t\t\t<a href=\"https:\/\/odysseeduvoyage.com\/wp-content\/uploads\/2025\/01\/Depliant-Odyssee-voyage-recto_version-2025Version-du-07Janvier2025.pdf\" target=\"_blank\">\n\t\t\t\t\t\t\t<img fetchpriority=\"high\" decoding=\"async\" width=\"800\" height=\"400\" src=\"https:\/\/odyssee-du-voyage.coop\/wp-content\/uploads\/2018\/09\/brochure_odyssee_du-_voyage-1.png\" class=\"attachment-large size-large wp-image-660\" alt=\"\" srcset=\"https:\/\/odyssee-du-voyage.coop\/wp-content\/uploads\/2018\/09\/brochure_odyssee_du-_voyage-1.png 800w, https:\/\/odyssee-du-voyage.coop\/wp-content\/uploads\/2018\/09\/brochure_odyssee_du-_voyage-1-300x150.png 300w, https:\/\/odyssee-du-voyage.coop\/wp-content\/uploads\/2018\/09\/brochure_odyssee_du-_voyage-1-768x384.png 768w, https:\/\/odyssee-du-voyage.coop\/wp-content\/uploads\/2018\/09\/brochure_odyssee_du-_voyage-1-150x75.png 150w, https:\/\/odyssee-du-voyage.coop\/wp-content\/uploads\/2018\/09\/brochure_odyssee_du-_voyage-1-500x250.png 500w\" sizes=\"(max-width: 800px) 100vw, 800px\" \/>\t\t\t\t\t\t\t\t<\/a>\n\t\t\t\t\t\t\t\t\t\t\t\t\t\t\t<\/div>\n\t\t\t\t<\/div>\n\t\t\t\t\t<\/div>\n\t\t<\/div>\n\t\t\t\t\t<\/div>\n\t\t<\/section>\n\t\t\t\t<section class=\"elementor-section elementor-top-section elementor-element elementor-element-ffbacb1 elementor-section-stretched elementor-section-full_width elementor-section-height-default elementor-section-height-default\" data-id=\"ffbacb1\" data-element_type=\"section\" data-e-type=\"section\" data-settings=\"{&quot;stretch_section&quot;:&quot;section-stretched&quot;}\">\n\t\t\t\t\t\t<div class=\"elementor-container elementor-column-gap-no\">\n\t\t\t\t\t<div class=\"elementor-column elementor-col-25 elementor-top-column elementor-element elementor-element-b5a6ce0\" data-id=\"b5a6ce0\" data-element_type=\"column\" data-e-type=\"column\">\n\t\t\t<div class=\"elementor-widget-wrap elementor-element-populated\">\n\t\t\t\t\t\t<div class=\"elementor-element elementor-element-5668519 elementor-widget elementor-widget-image\" data-id=\"5668519\" data-element_type=\"widget\" data-e-type=\"widget\" data-widget_type=\"image.default\">\n\t\t\t\t<div class=\"elementor-widget-container\">\n\t\t\t\t\t\t\t\t\t\t\t\t\t\t\t<img decoding=\"async\" width=\"1024\" height=\"683\" src=\"https:\/\/odyssee-du-voyage.coop\/wp-content\/uploads\/2018\/09\/odyssee-du-voyage-mer-1024x683.jpg\" class=\"attachment-large size-large wp-image-646\" alt=\"\" srcset=\"https:\/\/odyssee-du-voyage.coop\/wp-content\/uploads\/2018\/09\/odyssee-du-voyage-mer-1024x683.jpg 1024w, https:\/\/odyssee-du-voyage.coop\/wp-content\/uploads\/2018\/09\/odyssee-du-voyage-mer-300x200.jpg 300w, https:\/\/odyssee-du-voyage.coop\/wp-content\/uploads\/2018\/09\/odyssee-du-voyage-mer-768x512.jpg 768w, https:\/\/odyssee-du-voyage.coop\/wp-content\/uploads\/2018\/09\/odyssee-du-voyage-mer-150x100.jpg 150w, https:\/\/odyssee-du-voyage.coop\/wp-content\/uploads\/2018\/09\/odyssee-du-voyage-mer-500x333.jpg 500w, https:\/\/odyssee-du-voyage.coop\/wp-content\/uploads\/2018\/09\/odyssee-du-voyage-mer.jpg 1920w\" sizes=\"(max-width: 1024px) 100vw, 1024px\" \/>\t\t\t\t\t\t\t\t\t\t\t\t\t\t\t<\/div>\n\t\t\t\t<\/div>\n\t\t\t\t\t<\/div>\n\t\t<\/div>\n\t\t\t\t<div class=\"elementor-column elementor-col-25 elementor-top-column elementor-element elementor-element-fc28a9a\" data-id=\"fc28a9a\" data-element_type=\"column\" data-e-type=\"column\">\n\t\t\t<div class=\"elementor-widget-wrap elementor-element-populated\">\n\t\t\t\t\t\t<div class=\"elementor-element elementor-element-c7b9636 elementor-widget elementor-widget-image\" data-id=\"c7b9636\" data-element_type=\"widget\" data-e-type=\"widget\" data-widget_type=\"image.default\">\n\t\t\t\t<div class=\"elementor-widget-container\">\n\t\t\t\t\t\t\t\t\t\t\t\t\t\t\t<img decoding=\"async\" width=\"1024\" height=\"683\" src=\"https:\/\/odyssee-du-voyage.coop\/wp-content\/uploads\/2018\/09\/airport-3511342_1920-1024x683.jpg\" class=\"attachment-large size-large wp-image-648\" alt=\"\" srcset=\"https:\/\/odyssee-du-voyage.coop\/wp-content\/uploads\/2018\/09\/airport-3511342_1920-1024x683.jpg 1024w, https:\/\/odyssee-du-voyage.coop\/wp-content\/uploads\/2018\/09\/airport-3511342_1920-300x200.jpg 300w, https:\/\/odyssee-du-voyage.coop\/wp-content\/uploads\/2018\/09\/airport-3511342_1920-768x512.jpg 768w, https:\/\/odyssee-du-voyage.coop\/wp-content\/uploads\/2018\/09\/airport-3511342_1920-150x100.jpg 150w, https:\/\/odyssee-du-voyage.coop\/wp-content\/uploads\/2018\/09\/airport-3511342_1920-500x333.jpg 500w, https:\/\/odyssee-du-voyage.coop\/wp-content\/uploads\/2018\/09\/airport-3511342_1920.jpg 1920w\" sizes=\"(max-width: 1024px) 100vw, 1024px\" \/>\t\t\t\t\t\t\t\t\t\t\t\t\t\t\t<\/div>\n\t\t\t\t<\/div>\n\t\t\t\t\t<\/div>\n\t\t<\/div>\n\t\t\t\t<div class=\"elementor-column elementor-col-25 elementor-top-column elementor-element elementor-element-8a6c4f9\" data-id=\"8a6c4f9\" data-element_type=\"column\" data-e-type=\"column\">\n\t\t\t<div class=\"elementor-widget-wrap elementor-element-populated\">\n\t\t\t\t\t\t<div class=\"elementor-element elementor-element-b93e9e4 elementor-widget elementor-widget-image\" data-id=\"b93e9e4\" data-element_type=\"widget\" data-e-type=\"widget\" data-widget_type=\"image.default\">\n\t\t\t\t<div class=\"elementor-widget-container\">\n\t\t\t\t\t\t\t\t\t\t\t\t\t\t\t<img loading=\"lazy\" decoding=\"async\" width=\"1024\" height=\"683\" src=\"https:\/\/odyssee-du-voyage.coop\/wp-content\/uploads\/2018\/09\/odyssee-du-voyage-montagne-1024x683.jpg\" class=\"attachment-large size-large wp-image-647\" alt=\"\" srcset=\"https:\/\/odyssee-du-voyage.coop\/wp-content\/uploads\/2018\/09\/odyssee-du-voyage-montagne-1024x683.jpg 1024w, https:\/\/odyssee-du-voyage.coop\/wp-content\/uploads\/2018\/09\/odyssee-du-voyage-montagne-300x200.jpg 300w, https:\/\/odyssee-du-voyage.coop\/wp-content\/uploads\/2018\/09\/odyssee-du-voyage-montagne-768x512.jpg 768w, https:\/\/odyssee-du-voyage.coop\/wp-content\/uploads\/2018\/09\/odyssee-du-voyage-montagne-150x100.jpg 150w, https:\/\/odyssee-du-voyage.coop\/wp-content\/uploads\/2018\/09\/odyssee-du-voyage-montagne-500x333.jpg 500w, https:\/\/odyssee-du-voyage.coop\/wp-content\/uploads\/2018\/09\/odyssee-du-voyage-montagne.jpg 1920w\" sizes=\"(max-width: 1024px) 100vw, 1024px\" \/>\t\t\t\t\t\t\t\t\t\t\t\t\t\t\t<\/div>\n\t\t\t\t<\/div>\n\t\t\t\t\t<\/div>\n\t\t<\/div>\n\t\t\t\t<div class=\"elementor-column elementor-col-25 elementor-top-column elementor-element elementor-element-cca84c2\" data-id=\"cca84c2\" data-element_type=\"column\" data-e-type=\"column\">\n\t\t\t<div class=\"elementor-widget-wrap elementor-element-populated\">\n\t\t\t\t\t\t<div class=\"elementor-element elementor-element-d708645 elementor-widget elementor-widget-image\" data-id=\"d708645\" data-element_type=\"widget\" data-e-type=\"widget\" data-widget_type=\"image.default\">\n\t\t\t\t<div class=\"elementor-widget-container\">\n\t\t\t\t\t\t\t\t\t\t\t\t\t\t\t<img loading=\"lazy\" decoding=\"async\" width=\"1024\" height=\"658\" src=\"https:\/\/odyssee-du-voyage.coop\/wp-content\/uploads\/2018\/09\/passport-2733068_1920-1024x658.jpg\" class=\"attachment-large size-large wp-image-652\" alt=\"\" srcset=\"https:\/\/odyssee-du-voyage.coop\/wp-content\/uploads\/2018\/09\/passport-2733068_1920-1024x658.jpg 1024w, https:\/\/odyssee-du-voyage.coop\/wp-content\/uploads\/2018\/09\/passport-2733068_1920-300x193.jpg 300w, https:\/\/odyssee-du-voyage.coop\/wp-content\/uploads\/2018\/09\/passport-2733068_1920-768x494.jpg 768w, https:\/\/odyssee-du-voyage.coop\/wp-content\/uploads\/2018\/09\/passport-2733068_1920-150x96.jpg 150w, https:\/\/odyssee-du-voyage.coop\/wp-content\/uploads\/2018\/09\/passport-2733068_1920-500x321.jpg 500w, https:\/\/odyssee-du-voyage.coop\/wp-content\/uploads\/2018\/09\/passport-2733068_1920.jpg 1920w\" sizes=\"(max-width: 1024px) 100vw, 1024px\" \/>\t\t\t\t\t\t\t\t\t\t\t\t\t\t\t<\/div>\n\t\t\t\t<\/div>\n\t\t\t\t\t<\/div>\n\t\t<\/div>\n\t\t\t\t\t<\/div>\n\t\t<\/section>\n\t\t\t\t<\/div>\n\t\t","protected":false},"excerpt":{"rendered":"<p>Evolution du Code du Tourisme &#8211; Note Directive UNAT Depuis le 1er juillet 2018, le Code du tourisme a \u00e9volu\u00e9. L\u2019ordonnance 2017-1717 du 20 d\u00e9cembre 2017, qui transpose en droit fran\u00e7ais la Directive europ\u00e9enne relative aux voyages \u00e0 forfaits et aux prestations de voyage li\u00e9es, modifie le champ d\u2019application de la loi concernant la vente [&hellip;]<\/p>\n","protected":false},"author":1,"featured_media":0,"parent":0,"menu_order":0,"comment_status":"closed","ping_status":"closed","template":"","meta":{"ocean_post_layout":"full-screen","ocean_both_sidebars_style":"","ocean_both_sidebars_content_width":0,"ocean_both_sidebars_sidebars_width":0,"ocean_sidebar":"0","ocean_second_sidebar":"0","ocean_disable_margins":"enable","ocean_add_body_class":"","ocean_shortcode_before_top_bar":"","ocean_shortcode_after_top_bar":"","ocean_shortcode_before_header":"","ocean_shortcode_after_header":"","ocean_has_shortcode":"","ocean_shortcode_after_title":"","ocean_shortcode_before_footer_widgets":"","ocean_shortcode_after_footer_widgets":"","ocean_shortcode_before_footer_bottom":"","ocean_shortcode_after_footer_bottom":"","ocean_display_top_bar":"default","ocean_display_header":"default","ocean_header_style":"","ocean_center_header_left_menu":"0","ocean_custom_header_template":"0","ocean_custom_logo":0,"ocean_custom_retina_logo":0,"ocean_custom_logo_max_width":0,"ocean_custom_logo_tablet_max_width":0,"ocean_custom_logo_mobile_max_width":0,"ocean_custom_logo_max_height":0,"ocean_custom_logo_tablet_max_height":0,"ocean_custom_logo_mobile_max_height":0,"ocean_header_custom_menu":"0","ocean_menu_typo_font_family":"0","ocean_menu_typo_font_subset":"","ocean_menu_typo_font_size":0,"ocean_menu_typo_font_size_tablet":0,"ocean_menu_typo_font_size_mobile":0,"ocean_menu_typo_font_size_unit":"px","ocean_menu_typo_font_weight":"","ocean_menu_typo_font_weight_tablet":"","ocean_menu_typo_font_weight_mobile":"","ocean_menu_typo_transform":"","ocean_menu_typo_transform_tablet":"","ocean_menu_typo_transform_mobile":"","ocean_menu_typo_line_height":0,"ocean_menu_typo_line_height_tablet":0,"ocean_menu_typo_line_height_mobile":0,"ocean_menu_typo_line_height_unit":"","ocean_menu_typo_spacing":0,"ocean_menu_typo_spacing_tablet":0,"ocean_menu_typo_spacing_mobile":0,"ocean_menu_typo_spacing_unit":"","ocean_menu_link_color":"","ocean_menu_link_color_hover":"","ocean_menu_link_color_active":"","ocean_menu_link_background":"","ocean_menu_link_hover_background":"","ocean_menu_link_active_background":"","ocean_menu_social_links_bg":"","ocean_menu_social_hover_links_bg":"","ocean_menu_social_links_color":"","ocean_menu_social_hover_links_color":"","ocean_disable_title":"on","ocean_disable_heading":"default","ocean_post_title":"","ocean_post_subheading":"","ocean_post_title_style":"","ocean_post_title_background_color":"","ocean_post_title_background":0,"ocean_post_title_bg_image_position":"","ocean_post_title_bg_image_attachment":"","ocean_post_title_bg_image_repeat":"","ocean_post_title_bg_image_size":"","ocean_post_title_height":0,"ocean_post_title_bg_overlay":0.5,"ocean_post_title_bg_overlay_color":"","ocean_disable_breadcrumbs":"default","ocean_breadcrumbs_color":"","ocean_breadcrumbs_separator_color":"","ocean_breadcrumbs_links_color":"","ocean_breadcrumbs_links_hover_color":"","ocean_display_footer_widgets":"default","ocean_display_footer_bottom":"default","ocean_custom_footer_template":"0","footnotes":""},"class_list":["post-240","page","type-page","status-publish","hentry","entry"],"_links":{"self":[{"href":"https:\/\/odyssee-du-voyage.coop\/index.php\/wp-json\/wp\/v2\/pages\/240","targetHints":{"allow":["GET"]}}],"collection":[{"href":"https:\/\/odyssee-du-voyage.coop\/index.php\/wp-json\/wp\/v2\/pages"}],"about":[{"href":"https:\/\/odyssee-du-voyage.coop\/index.php\/wp-json\/wp\/v2\/types\/page"}],"author":[{"embeddable":true,"href":"https:\/\/odyssee-du-voyage.coop\/index.php\/wp-json\/wp\/v2\/users\/1"}],"replies":[{"embeddable":true,"href":"https:\/\/odyssee-du-voyage.coop\/index.php\/wp-json\/wp\/v2\/comments?post=240"}],"version-history":[{"count":42,"href":"https:\/\/odyssee-du-voyage.coop\/index.php\/wp-json\/wp\/v2\/pages\/240\/revisions"}],"predecessor-version":[{"id":1447,"href":"https:\/\/odyssee-du-voyage.coop\/index.php\/wp-json\/wp\/v2\/pages\/240\/revisions\/1447"}],"wp:attachment":[{"href":"https:\/\/odyssee-du-voyage.coop\/index.php\/wp-json\/wp\/v2\/media?parent=240"}],"curies":[{"name":"wp","href":"https:\/\/api.w.org\/{rel}","templated":true}]}}